{"id":68,"date":"2022-01-03T22:15:04","date_gmt":"2022-01-03T21:15:04","guid":{"rendered":"https:\/\/rbsanace.cz\/?page_id=68"},"modified":"2022-01-13T17:21:11","modified_gmt":"2022-01-13T16:21:11","slug":"hydroizolace-stavebni-chemii","status":"publish","type":"page","link":"https:\/\/rbsanace.cz\/index.php\/produkty-a-sluzby\/hydroizolace-stavebni-chemii\/","title":{"rendered":"Hydroizolace stavebn\u00ed chemi\u00ed"},"content":{"rendered":"\t\t<div data-elementor-type=\"wp-page\" data-elementor-id=\"68\" class=\"elementor elementor-68\">\n\t\t\t\t\t\t<section class=\"elementor-section elementor-top-section elementor-element elementor-element-7c176d05 elementor-hidden-widescreen elementor-hidden-desktop elementor-hidden-tablet_extra elementor-hidden-tablet elementor-section-boxed elementor-section-height-default elementor-section-height-default\" data-id=\"7c176d05\" data-element_type=\"section\" data-e-type=\"section\">\n\t\t\t\t\t\t<div class=\"elementor-container elementor-column-gap-default\">\n\t\t\t\t\t<div class=\"elementor-column elementor-col-50 elementor-top-column elementor-element elementor-element-36a7c48f\" data-id=\"36a7c48f\" data-element_type=\"column\" data-e-type=\"column\">\n\t\t\t<div class=\"elementor-widget-wrap elementor-element-populated\">\n\t\t\t\t\t\t<div class=\"elementor-element elementor-element-335b6721 elementor-widget elementor-widget-image\" data-id=\"335b6721\" data-element_type=\"widget\" data-e-type=\"widget\" data-widget_type=\"image.default\">\n\t\t\t\t<div class=\"elementor-widget-container\">\n\t\t\t\t\t\t\t\t\t\t\t\t\t\t\t\t<a href=\"https:\/\/rbsanace.cz\/index.php\/hlavni-stranka\">\n\t\t\t\t\t\t\t<img fetchpriority=\"high\" decoding=\"async\" width=\"750\" height=\"80\" src=\"https:\/\/rbsanace.cz\/wp-content\/uploads\/2022\/01\/logo_RB_sanace-1024x109.png\" class=\"attachment-large size-large wp-image-131\" alt=\"\" srcset=\"https:\/\/rbsanace.cz\/wp-content\/uploads\/2022\/01\/logo_RB_sanace-1024x109.png 1024w, https:\/\/rbsanace.cz\/wp-content\/uploads\/2022\/01\/logo_RB_sanace-300x32.png 300w, https:\/\/rbsanace.cz\/wp-content\/uploads\/2022\/01\/logo_RB_sanace-768x81.png 768w, https:\/\/rbsanace.cz\/wp-content\/uploads\/2022\/01\/logo_RB_sanace.png 1066w\" sizes=\"(max-width: 750px) 100vw, 750px\" style=\"width:100%;height:10.6%;max-width:1066px\" \/>\t\t\t\t\t\t\t\t<\/a>\n\t\t\t\t\t\t\t\t\t\t\t\t\t\t\t<\/div>\n\t\t\t\t<\/div>\n\t\t\t\t\t<\/div>\n\t\t<\/div>\n\t\t\t\t<div class=\"elementor-column elementor-col-50 elementor-top-column elementor-element elementor-element-a615208\" data-id=\"a615208\" data-element_type=\"column\" data-e-type=\"column\">\n\t\t\t<div class=\"elementor-widget-wrap elementor-element-populated\">\n\t\t\t\t\t\t<div class=\"elementor-element elementor-element-469e40c2 elementor-hidden-widescreen elementor-hidden-desktop elementor-hidden-tablet_extra elementor-widget elementor-widget-button\" data-id=\"469e40c2\" data-element_type=\"widget\" data-e-type=\"widget\" data-widget_type=\"button.default\">\n\t\t\t\t<div class=\"elementor-widget-container\">\n\t\t\t\t\t\t\t\t\t<div class=\"elementor-button-wrapper\">\n\t\t\t\t\t<a class=\"elementor-button elementor-button-link elementor-size-sm\" href=\"#\" id=\"btn-menu\">\n\t\t\t\t\t\t<span class=\"elementor-button-content-wrapper\">\n\t\t\t\t\t\t<span class=\"elementor-button-icon\">\n\t\t\t\t<i aria-hidden=\"true\" class=\"fas fa-bars\"><\/i>\t\t\t<\/span>\n\t\t\t\t\t\t\t\t<\/span>\n\t\t\t\t\t<\/a>\n\t\t\t\t<\/div>\n\t\t\t\t\t\t\t\t<\/div>\n\t\t\t\t<\/div>\n\t\t\t\t\t<\/div>\n\t\t<\/div>\n\t\t\t\t\t<\/div>\n\t\t<\/section>\n\t\t\t\t<section class=\"elementor-section elementor-inner-section elementor-element elementor-element-6dfbb784 elementor-hidden-mobile elementor-section-boxed elementor-section-height-default elementor-section-height-default\" data-id=\"6dfbb784\" data-element_type=\"section\" data-e-type=\"section\" id=\"menu\" data-settings=\"{&quot;background_background&quot;:&quot;classic&quot;}\">\n\t\t\t\t\t\t<div class=\"elementor-container elementor-column-gap-default\">\n\t\t\t\t\t<div class=\"elementor-column elementor-col-20 elementor-inner-column elementor-element elementor-element-6aeaf580\" data-id=\"6aeaf580\" data-element_type=\"column\" data-e-type=\"column\">\n\t\t\t<div class=\"elementor-widget-wrap elementor-element-populated\">\n\t\t\t\t\t\t<div class=\"elementor-element elementor-element-5525ed17 elementor-hidden-mobile elementor-widget elementor-widget-image\" data-id=\"5525ed17\" data-element_type=\"widget\" data-e-type=\"widget\" data-widget_type=\"image.default\">\n\t\t\t\t<div class=\"elementor-widget-container\">\n\t\t\t\t\t\t\t\t\t\t\t\t\t\t\t\t<a href=\"https:\/\/rbsanace.cz\/index.php\/hlavni-stranka\">\n\t\t\t\t\t\t\t<img fetchpriority=\"high\" decoding=\"async\" width=\"750\" height=\"80\" src=\"https:\/\/rbsanace.cz\/wp-content\/uploads\/2022\/01\/logo_RB_sanace-1024x109.png\" class=\"attachment-large size-large wp-image-131\" alt=\"\" srcset=\"https:\/\/rbsanace.cz\/wp-content\/uploads\/2022\/01\/logo_RB_sanace-1024x109.png 1024w, https:\/\/rbsanace.cz\/wp-content\/uploads\/2022\/01\/logo_RB_sanace-300x32.png 300w, https:\/\/rbsanace.cz\/wp-content\/uploads\/2022\/01\/logo_RB_sanace-768x81.png 768w, https:\/\/rbsanace.cz\/wp-content\/uploads\/2022\/01\/logo_RB_sanace.png 1066w\" sizes=\"(max-width: 750px) 100vw, 750px\" style=\"width:100%;height:10.6%;max-width:1066px\" \/>\t\t\t\t\t\t\t\t<\/a>\n\t\t\t\t\t\t\t\t\t\t\t\t\t\t\t<\/div>\n\t\t\t\t<\/div>\n\t\t\t\t\t<\/div>\n\t\t<\/div>\n\t\t\t\t<div class=\"elementor-column elementor-col-20 elementor-inner-column elementor-element elementor-element-29d169c3\" data-id=\"29d169c3\" data-element_type=\"column\" data-e-type=\"column\">\n\t\t\t<div class=\"elementor-widget-wrap elementor-element-populated\">\n\t\t\t\t\t\t<div class=\"elementor-element elementor-element-5090b8a5 elementor-widget elementor-widget-text-editor\" data-id=\"5090b8a5\" data-element_type=\"widget\" data-e-type=\"widget\" data-widget_type=\"text-editor.default\">\n\t\t\t\t<div class=\"elementor-widget-container\">\n\t\t\t\t\t\t\t\t\t<a href=\"https:\/\/rbsanace.cz\/index.php\/o-spolecnosti\/\"><span style=\"color: #9d9d9c;\">O spole\u010dnosti<\/span><\/a>\t\t\t\t\t\t\t\t<\/div>\n\t\t\t\t<\/div>\n\t\t\t\t\t<\/div>\n\t\t<\/div>\n\t\t\t\t<div class=\"elementor-column elementor-col-20 elementor-inner-column elementor-element elementor-element-6d1cc407\" data-id=\"6d1cc407\" data-element_type=\"column\" data-e-type=\"column\">\n\t\t\t<div class=\"elementor-widget-wrap elementor-element-populated\">\n\t\t\t\t\t\t<div class=\"elementor-element elementor-element-252f22a1 elementor-widget elementor-widget-text-editor\" data-id=\"252f22a1\" data-element_type=\"widget\" data-e-type=\"widget\" data-widget_type=\"text-editor.default\">\n\t\t\t\t<div class=\"elementor-widget-container\">\n\t\t\t\t\t\t\t\t\t<a href=\"https:\/\/rbsanace.cz\/index.php\/produkty-a-sluzby\/\"><span style=\"color: #9d9d9c;\">Produkty a&nbsp;slu\u017eby<\/span><\/a>\t\t\t\t\t\t\t\t<\/div>\n\t\t\t\t<\/div>\n\t\t\t\t\t<\/div>\n\t\t<\/div>\n\t\t\t\t<div class=\"elementor-column elementor-col-20 elementor-inner-column elementor-element elementor-element-5812f402\" data-id=\"5812f402\" data-element_type=\"column\" data-e-type=\"column\">\n\t\t\t<div class=\"elementor-widget-wrap elementor-element-populated\">\n\t\t\t\t\t\t<div class=\"elementor-element elementor-element-122198f elementor-widget elementor-widget-text-editor\" data-id=\"122198f\" data-element_type=\"widget\" data-e-type=\"widget\" data-widget_type=\"text-editor.default\">\n\t\t\t\t<div class=\"elementor-widget-container\">\n\t\t\t\t\t\t\t\t\t<p><a href=\"https:\/\/rbsanace.cz\/index.php\/reference\/\" data-wplink-url-error=\"true\"><span style=\"color: #9d9d9c;\">Reference<\/span><\/a><\/p>\t\t\t\t\t\t\t\t<\/div>\n\t\t\t\t<\/div>\n\t\t\t\t\t<\/div>\n\t\t<\/div>\n\t\t\t\t<div class=\"elementor-column elementor-col-20 elementor-inner-column elementor-element elementor-element-3d2cbfe\" data-id=\"3d2cbfe\" data-element_type=\"column\" data-e-type=\"column\">\n\t\t\t<div class=\"elementor-widget-wrap elementor-element-populated\">\n\t\t\t\t\t\t<div class=\"elementor-element elementor-element-42bbf5d3 elementor-widget elementor-widget-text-editor\" data-id=\"42bbf5d3\" data-element_type=\"widget\" data-e-type=\"widget\" data-widget_type=\"text-editor.default\">\n\t\t\t\t<div class=\"elementor-widget-container\">\n\t\t\t\t\t\t\t\t\t<p><a href=\"https:\/\/rbsanace.cz\/index.php\/kontakt\/\" data-wplink-url-error=\"true\"><span style=\"color: #9d9d9c;\">Kontakt<\/span><\/a><\/p>\t\t\t\t\t\t\t\t<\/div>\n\t\t\t\t<\/div>\n\t\t\t\t\t<\/div>\n\t\t<\/div>\n\t\t\t\t\t<\/div>\n\t\t<\/section>\n\t\t\t\t<section class=\"elementor-section elementor-top-section elementor-element elementor-element-5fcd5a9 elementor-section-stretched elementor-section-boxed elementor-section-height-default elementor-section-height-default\" data-id=\"5fcd5a9\" data-element_type=\"section\" data-e-type=\"section\" data-settings=\"{&quot;stretch_section&quot;:&quot;section-stretched&quot;}\">\n\t\t\t\t\t\t<div class=\"elementor-container elementor-column-gap-default\">\n\t\t\t\t\t<div class=\"elementor-column elementor-col-100 elementor-top-column elementor-element elementor-element-6628458\" data-id=\"6628458\" data-element_type=\"column\" data-e-type=\"column\">\n\t\t\t<div class=\"elementor-widget-wrap elementor-element-populated\">\n\t\t\t\t\t\t<section class=\"elementor-section elementor-inner-section elementor-element elementor-element-9a0dc94 elementor-section-boxed elementor-section-height-default elementor-section-height-default\" data-id=\"9a0dc94\" data-element_type=\"section\" data-e-type=\"section\">\n\t\t\t\t\t\t<div class=\"elementor-container elementor-column-gap-no\">\n\t\t\t\t\t<div class=\"elementor-column elementor-col-66 elementor-inner-column elementor-element elementor-element-f6b4de2\" data-id=\"f6b4de2\" data-element_type=\"column\" data-e-type=\"column\">\n\t\t\t<div class=\"elementor-widget-wrap elementor-element-populated\">\n\t\t\t\t\t\t<div class=\"elementor-element elementor-element-db43269 elementor-widget-mobile__width-inherit elementor-hidden-widescreen elementor-hidden-desktop elementor-hidden-tablet_extra elementor-hidden-tablet elementor-hidden-mobile elementor-widget elementor-widget-heading\" data-id=\"db43269\" data-element_type=\"widget\" data-e-type=\"widget\" data-widget_type=\"heading.default\">\n\t\t\t\t<div class=\"elementor-widget-container\">\n\t\t\t\t\t<h1 class=\"elementor-heading-title elementor-size-default\">HYDROIZOLACE<br>STAVEBN\u00cd<br>CHEMI\u00cd<\/h1>\t\t\t\t<\/div>\n\t\t\t\t<\/div>\n\t\t\t\t<div class=\"elementor-element elementor-element-95246a7 elementor-widget elementor-widget-heading\" data-id=\"95246a7\" data-element_type=\"widget\" data-e-type=\"widget\" id=\"heading\" data-widget_type=\"heading.default\">\n\t\t\t\t<div class=\"elementor-widget-container\">\n\t\t\t\t\t<h1 class=\"elementor-heading-title elementor-size-default\">HYDROIZOLACE<br>STAVEBN\u00cd<br>CHEMI\u00cd<\/h1>\t\t\t\t<\/div>\n\t\t\t\t<\/div>\n\t\t\t\t\t<\/div>\n\t\t<\/div>\n\t\t\t\t<div class=\"elementor-column elementor-col-33 elementor-inner-column elementor-element elementor-element-a61ffee\" data-id=\"a61ffee\" data-element_type=\"column\" data-e-type=\"column\">\n\t\t\t<div class=\"elementor-widget-wrap elementor-element-populated\">\n\t\t\t\t\t\t<div class=\"elementor-element elementor-element-a4065be elementor-widget elementor-widget-text-editor\" data-id=\"a4065be\" data-element_type=\"widget\" data-e-type=\"widget\" data-widget_type=\"text-editor.default\">\n\t\t\t\t<div class=\"elementor-widget-container\">\n\t\t\t\t\t\t\t\t\t<span style=\"color: #c00d0d;\"><a style=\"color: #c00d0d;\" href=\"https:\/\/rbsanace.cz\/index.php\/produkty-a-sluzby\/sanace-betonovych-konstrukci\/\">Sanace<\/a><\/span><br>\n<span style=\"color: #c00d0d;\"><a style=\"color: #c00d0d;\" href=\"https:\/\/rbsanace.cz\/index.php\/produkty-a-sluzby\/hydroizolace-stavebni-chemii\/\">Hydroizolace<\/a><\/span><br>\n<span style=\"color: #c00d0d;\"><a style=\"color: #c00d0d;\" href=\"https:\/\/rbsanace.cz\/index.php\/produkty-a-sluzby\/tryskani-vodnim-paprskem-a-piskem\/\">Trysk\u00e1n\u00ed<\/a><\/span><br>\n<span style=\"color: #c00d0d;\"><a style=\"color: #c00d0d;\" href=\"https:\/\/rbsanace.cz\/index.php\/produkty-a-sluzby\/torkret-strikany-beton\/\">Torkret<\/a><\/span>\t\t\t\t\t\t\t\t<\/div>\n\t\t\t\t<\/div>\n\t\t\t\t<div class=\"elementor-element elementor-element-1be7bbb elementor-widget elementor-widget-text-editor\" data-id=\"1be7bbb\" data-element_type=\"widget\" data-e-type=\"widget\" data-widget_type=\"text-editor.default\">\n\t\t\t\t<div class=\"elementor-widget-container\">\n\t\t\t\t\t\t\t\t\tSpole\u010dnost <span style=\"color: #c00d0d;\">RB sanace<\/span> vznikla v roce 1998 sdru\u017een\u00edm dvou osob OSV\u010c. Kl\u00ed\u010dov\u00e9 obdob\u00ed pro n\u00e1s nastalo v roce 2004, kdy jsme za\u010dali spolupracovat s v\u00fdznamn\u00fdmi v\u00fdrobci stavebn\u00ed chemie a tuto spolupr\u00e1ci st\u00e1le udr\u017eujeme a sna\u017e\u00edme se ji d\u00e1le roz\u0161i\u0159ovat. D\u00edky t\u011bmto zku\u0161enostem V\u00e1m m\u016f\u017eeme nab\u00eddnout velice kvalitn\u00ed produkty. Na\u0161e pr\u00e1ce jsou prov\u011b\u0159eny na stovk\u00e1ch staveb realizovan\u00fdch od vzniku na\u0161\u00ed spole\u010dnosti hlavn\u011b v okol\u00ed Ostravy, d\u00e1le po cel\u00e9 \u010cesk\u00e9 republice a na Slovensku. Od z\u00e1\u0159\u00ed roku 2011 je spole\u010dnost vedena jako <span style=\"color: #c00d0d;\">RB <\/span><span style=\"color: #c00d0d;\">sanace s.r.o. <\/span>\n<br>\n<br>\nT\u011b\u0161\u00edme se na spolupr\u00e1ci s v\u00e1mi.\t\t\t\t\t\t\t\t<\/div>\n\t\t\t\t<\/div>\n\t\t\t\t\t<\/div>\n\t\t<\/div>\n\t\t\t\t\t<\/div>\n\t\t<\/section>\n\t\t\t\t\t<\/div>\n\t\t<\/div>\n\t\t\t\t\t<\/div>\n\t\t<\/section>\n\t\t\t\t<section class=\"elementor-section elementor-top-section elementor-element elementor-element-1dabce86 elementor-section-boxed elementor-section-height-default elementor-section-height-default\" data-id=\"1dabce86\" data-element_type=\"section\" data-e-type=\"section\">\n\t\t\t\t\t\t<div class=\"elementor-container elementor-column-gap-default\">\n\t\t\t\t\t<div class=\"elementor-column elementor-col-100 elementor-top-column elementor-element elementor-element-4ca1f6\" data-id=\"4ca1f6\" data-element_type=\"column\" data-e-type=\"column\">\n\t\t\t<div class=\"elementor-widget-wrap elementor-element-populated\">\n\t\t\t\t\t\t<div class=\"elementor-element elementor-element-4cbfc382 elementor-widget elementor-widget-google_maps\" data-id=\"4cbfc382\" data-element_type=\"widget\" data-e-type=\"widget\" data-widget_type=\"google_maps.default\">\n\t\t\t\t<div class=\"elementor-widget-container\">\n\t\t\t\t\t\t\t<div class=\"elementor-custom-embed\">\n\t\t\t<iframe loading=\"lazy\"\n\t\t\t\t\tsrc=\"https:\/\/maps.google.com\/maps?q=rb%20izol&#038;t=m&#038;z=14&#038;output=embed&#038;iwloc=near\"\n\t\t\t\t\ttitle=\"rb izol\"\n\t\t\t\t\taria-label=\"rb izol\"\n\t\t\t><\/iframe>\n\t\t<\/div>\n\t\t\t\t\t\t<\/div>\n\t\t\t\t<\/div>\n\t\t\t\t\t<\/div>\n\t\t<\/div>\n\t\t\t\t\t<\/div>\n\t\t<\/section>\n\t\t\t\t<section class=\"elementor-section elementor-inner-section elementor-element elementor-element-20f78ac5 elementor-section-boxed elementor-section-height-default elementor-section-height-default\" data-id=\"20f78ac5\" data-element_type=\"section\" data-e-type=\"section\" data-settings=\"{&quot;background_background&quot;:&quot;classic&quot;}\">\n\t\t\t\t\t\t<div class=\"elementor-container elementor-column-gap-default\">\n\t\t\t\t\t<div class=\"elementor-column elementor-col-25 elementor-inner-column elementor-element elementor-element-4d26cf93\" data-id=\"4d26cf93\" data-element_type=\"column\" data-e-type=\"column\">\n\t\t\t<div class=\"elementor-widget-wrap elementor-element-populated\">\n\t\t\t\t\t\t<div class=\"elementor-element elementor-element-4256b959 elementor-widget elementor-widget-text-editor\" data-id=\"4256b959\" data-element_type=\"widget\" data-e-type=\"widget\" data-widget_type=\"text-editor.default\">\n\t\t\t\t<div class=\"elementor-widget-container\">\n\t\t\t\t\t\t\t\t\t<span style=\"color: #ffffff;\"><a style=\"color: #ffffff;\" href=\"https:\/\/rbsanace.cz\/index.php\/o-spolecnosti\/\">O spole\u010dnosti<\/a><\/span>\n<br>\n<a href=\"https:\/\/rbsanace.cz\/index.php\/produkty-a-sluzby\/\"><span style=\"color: #ffffff;\">Produkty a slu\u017eby<\/span><\/a>\n<br>\n<span style=\"color: #ffffff;\"><a style=\"color: #ffffff;\" href=\"https:\/\/rbsanace.cz\/index.php\/reference\/\">Reference<\/a><\/span>\n<br>\n<span style=\"color: #ffffff;\"><a style=\"color: #ffffff;\" href=\"https:\/\/rbsanace.cz\/index.php\/kontakt\/\">Kontakt<\/a><\/span>\t\t\t\t\t\t\t\t<\/div>\n\t\t\t\t<\/div>\n\t\t\t\t\t<\/div>\n\t\t<\/div>\n\t\t\t\t<div class=\"elementor-column elementor-col-25 elementor-inner-column elementor-element elementor-element-64381e95\" data-id=\"64381e95\" data-element_type=\"column\" data-e-type=\"column\">\n\t\t\t<div class=\"elementor-widget-wrap elementor-element-populated\">\n\t\t\t\t\t\t<div class=\"elementor-element elementor-element-5c16576 elementor-widget elementor-widget-text-editor\" data-id=\"5c16576\" data-element_type=\"widget\" data-e-type=\"widget\" data-widget_type=\"text-editor.default\">\n\t\t\t\t<div class=\"elementor-widget-container\">\n\t\t\t\t\t\t\t\t\t<span style=\"color: #ffffff;\"><a style=\"color: #ffffff;\" href=\"https:\/\/rbsanace.cz\/index.php\/produkty-a-sluzby\/sanace-betonovych-konstrukci\/\">Sanace betonov\u00fdch konstrukc\u00ed<\/a><\/span>\n<br>\n<span style=\"color: #ffffff;\"><a style=\"color: #ffffff;\" href=\"https:\/\/rbsanace.cz\/index.php\/produkty-a-sluzby\/sanace-vlhkeho-zdiva\/\">Sanace vlhk\u00e9ho zdiva<\/a><\/span>\n<br>\n<span style=\"color: #ffffff;\"><a style=\"color: #ffffff;\" href=\"https:\/\/rbsanace.cz\/index.php\/produkty-a-sluzby\/hydroizolace-stavebni-chemii\/\">Hydroizolace stavebn\u00ed chemi\u00ed<\/a><\/span>\n<br>\n<span style=\"color: #ffffff;\"><a style=\"color: #ffffff;\" href=\"https:\/\/rbsanace.cz\/index.php\/produkty-a-sluzby\/tryskani-vodnim-paprskem-a-piskem\/\">Trysk\u00e1n\u00ed vodn\u00edm paprskem a\u00a0p\u00edskem<\/a><\/span>\t\t\t\t\t\t\t\t<\/div>\n\t\t\t\t<\/div>\n\t\t\t\t\t<\/div>\n\t\t<\/div>\n\t\t\t\t<div class=\"elementor-column elementor-col-25 elementor-inner-column elementor-element elementor-element-d0215dd\" data-id=\"d0215dd\" data-element_type=\"column\" data-e-type=\"column\">\n\t\t\t<div class=\"elementor-widget-wrap elementor-element-populated\">\n\t\t\t\t\t\t<div class=\"elementor-element elementor-element-14d1f82f elementor-widget elementor-widget-text-editor\" data-id=\"14d1f82f\" data-element_type=\"widget\" data-e-type=\"widget\" data-widget_type=\"text-editor.default\">\n\t\t\t\t<div class=\"elementor-widget-container\">\n\t\t\t\t\t\t\t\t\t<span style=\"color: #f0f0f0;\">Robert Barton\u00edk<\/span>\n<br>\n<span style=\"color: #f0f0f0;\">jednatel<\/span>\n<br>\n<span style=\"color: #f0f0f0;\">+420 608 854 253<\/span>\n<br>\n<span style=\"color: #f0f0f0;\">bartonik@rbsanace.cz<\/span>\t\t\t\t\t\t\t\t<\/div>\n\t\t\t\t<\/div>\n\t\t\t\t\t<\/div>\n\t\t<\/div>\n\t\t\t\t<div class=\"elementor-column elementor-col-25 elementor-inner-column elementor-element elementor-element-365ae560\" data-id=\"365ae560\" data-element_type=\"column\" data-e-type=\"column\">\n\t\t\t<div class=\"elementor-widget-wrap elementor-element-populated\">\n\t\t\t\t\t\t<div class=\"elementor-element elementor-element-494c7861 elementor-widget elementor-widget-text-editor\" data-id=\"494c7861\" data-element_type=\"widget\" data-e-type=\"widget\" data-widget_type=\"text-editor.default\">\n\t\t\t\t<div class=\"elementor-widget-container\">\n\t\t\t\t\t\t\t\t\tRB sanace s.r.o.\n<br>\nNa Kopci 327\/3a\n<br>\nHav\u00ed\u0159ov &#8211; Doln\u00ed Such\u00e1\n<br>\n735 64\t\t\t\t\t\t\t\t<\/div>\n\t\t\t\t<\/div>\n\t\t\t\t\t<\/div>\n\t\t<\/div>\n\t\t\t\t\t<\/div>\n\t\t<\/section>\n\t\t\t\t<section class=\"elementor-section elementor-top-section elementor-element elementor-element-021b7f8 elementor-section-boxed elementor-section-height-default elementor-section-height-default\" data-id=\"021b7f8\" data-element_type=\"section\" data-e-type=\"section\">\n\t\t\t\t\t\t<div class=\"elementor-container elementor-column-gap-default\">\n\t\t\t\t\t<div class=\"elementor-column elementor-col-100 elementor-top-column elementor-element elementor-element-6aa8eb7\" data-id=\"6aa8eb7\" data-element_type=\"column\" data-e-type=\"column\">\n\t\t\t<div class=\"elementor-widget-wrap elementor-element-populated\">\n\t\t\t\t\t\t<div class=\"elementor-element elementor-element-74ac0cf elementor-widget elementor-widget-html\" data-id=\"74ac0cf\" data-element_type=\"widget\" data-e-type=\"widget\" data-widget_type=\"html.default\">\n\t\t\t\t<div class=\"elementor-widget-container\">\n\t\t\t\t\t<script>\nvar btn = document.querySelector('#btn-menu');\n    var menu = document.querySelector(\"#menu\");\n    btn.addEventListener(\"click\", function() {\n    if (menu.style.display === \"block\") {\n    menu.style.display = \"none\";\n    } else {\n    menu.style.display = \"block\";\n    }\n    });\n<\/script> \t\t\t\t<\/div>\n\t\t\t\t<\/div>\n\t\t\t\t\t<\/div>\n\t\t<\/div>\n\t\t\t\t\t<\/div>\n\t\t<\/section>\n\t\t\t\t<\/div>\n\t\t","protected":false},"excerpt":{"rendered":"<p>O spole\u010dnostiProdukty a&nbsp;slu\u017eby Reference Kontakt HYDROIZOLACESTAVEBN\u00cdCHEMI\u00cd HYDROIZOLACESTAVEBN\u00cdCHEMI\u00cd Sanace Hydroizolace Trysk\u00e1n\u00ed TorkretSpole\u010dnost RB sanace vznikla v roce 1998 sdru\u017een\u00edm dvou osob OSV\u010c. Kl\u00ed\u010dov\u00e9 obdob\u00ed pro n\u00e1s nastalo v roce 2004, kdy jsme za\u010dali spolupracovat s v\u00fdznamn\u00fdmi v\u00fdrobci stavebn\u00ed chemie a tuto spolupr\u00e1ci st\u00e1le udr\u017eujeme a sna\u017e\u00edme se ji d\u00e1le roz\u0161i\u0159ovat. D\u00edky t\u011bmto zku\u0161enostem V\u00e1m m\u016f\u017eeme nab\u00eddnout&hellip; <a class=\"more-link\" href=\"https:\/\/rbsanace.cz\/index.php\/produkty-a-sluzby\/hydroizolace-stavebni-chemii\/\">Pokra\u010dovat ve\u00a0\u010dten\u00ed <span class=\"screen-reader-text\">Hydroizolace stavebn\u00ed chemi\u00ed<\/span><\/a><\/p>\n","protected":false},"author":2,"featured_media":0,"parent":59,"menu_order":2,"comment_status":"closed","ping_status":"closed","template":"elementor_canvas","meta":{"footnotes":""},"class_list":["post-68","page","type-page","status-publish","hentry","entry"],"_links":{"self":[{"href":"https:\/\/rbsanace.cz\/index.php\/wp-json\/wp\/v2\/pages\/68","targetHints":{"allow":["GET"]}}],"collection":[{"href":"https:\/\/rbsanace.cz\/index.php\/wp-json\/wp\/v2\/pages"}],"about":[{"href":"https:\/\/rbsanace.cz\/index.php\/wp-json\/wp\/v2\/types\/page"}],"author":[{"embeddable":true,"href":"https:\/\/rbsanace.cz\/index.php\/wp-json\/wp\/v2\/users\/2"}],"replies":[{"embeddable":true,"href":"https:\/\/rbsanace.cz\/index.php\/wp-json\/wp\/v2\/comments?post=68"}],"version-history":[{"count":0,"href":"https:\/\/rbsanace.cz\/index.php\/wp-json\/wp\/v2\/pages\/68\/revisions"}],"up":[{"embeddable":true,"href":"https:\/\/rbsanace.cz\/index.php\/wp-json\/wp\/v2\/pages\/59"}],"wp:attachment":[{"href":"https:\/\/rbsanace.cz\/index.php\/wp-json\/wp\/v2\/media?parent=68"}],"curies":[{"name":"wp","href":"https:\/\/api.w.org\/{rel}","templated":true}]}}